{"id":22,"date":"2021-03-22T19:41:41","date_gmt":"2021-03-22T19:41:41","guid":{"rendered":"https:\/\/www.fotonikolafarny.cz\/?page_id=22"},"modified":"2025-05-30T10:24:41","modified_gmt":"2025-05-30T10:24:41","slug":"o-mne","status":"publish","type":"page","link":"https:\/\/www.fotonikolafarny.cz\/index.php\/o-mne\/","title":{"rendered":""},"content":{"rendered":"\n<div class=\"wp-block-media-text is-stacked-on-mobile is-vertically-aligned-top\" style=\"grid-template-columns:45% auto\"><figure class=\"wp-block-media-text__media\"><img loading=\"lazy\" decoding=\"async\" width=\"700\" height=\"933\" src=\"https:\/\/www.fotonikolafarny.cz\/wp-content\/uploads\/2025\/05\/IMG_5413-700x933.jpg\" alt=\"\" class=\"wp-image-3404 size-full\" srcset=\"https:\/\/www.fotonikolafarny.cz\/wp-content\/uploads\/2025\/05\/IMG_5413-700x933.jpg 700w, https:\/\/www.fotonikolafarny.cz\/wp-content\/uploads\/2025\/05\/IMG_5413-225x300.jpg 225w, https:\/\/www.fotonikolafarny.cz\/wp-content\/uploads\/2025\/05\/IMG_5413-768x1024.jpg 768w, https:\/\/www.fotonikolafarny.cz\/wp-content\/uploads\/2025\/05\/IMG_5413-1152x1536.jpg 1152w, https:\/\/www.fotonikolafarny.cz\/wp-content\/uploads\/2025\/05\/IMG_5413-1536x2048.jpg 1536w, https:\/\/www.fotonikolafarny.cz\/wp-content\/uploads\/2025\/05\/IMG_5413-800x1067.jpg 800w, https:\/\/www.fotonikolafarny.cz\/wp-content\/uploads\/2025\/05\/IMG_5413-scaled.jpg 1920w\" sizes=\"auto, (max-width: 700px) 100vw, 700px\" \/><\/figure><div class=\"wp-block-media-text__content\">\n<p><strong>Kdo jsem?<\/strong> <\/p>\n\n\n\n<p>Jmenuji se Nikola Farny, jsem rodinn\u00e1 a svatebn\u00ed fotografka z Prachatic.<\/p>\n\n\n\n<p>Taky jsem m\u00e1mou jednoho mal\u00e9ho ro\u0161\u0165\u00e1ka, od kter\u00e9ho se ka\u017ed\u00fd den u\u010d\u00edm v\u00edc a v\u00edc porozum\u011bt d\u011btsk\u00e9mu sv\u011btu. Sna\u017e\u00edm se, aby focen\u00ed s d\u011btmi bylo uvoln\u011bn\u00e9 a do ni\u010deho je nenut\u00edm. V\u017edy najdeme to, co je p\u0159\u00edjemn\u00e9 n\u00e1m v\u0161em. <br><br>Moc si v\u00e1\u017e\u00edm sv\u00e9 pr\u00e1ce a proto v\u011bnuji velikou pozornost i t\u011bm nejmen\u0161\u00edm detail\u016fm.<br>Focen\u00ed se v\u011bnuji od d\u011btstv\u00ed a kdy\u017e p\u0159i\u0161la volba st\u0159edn\u00ed \u0161koly, vybrala jsem si pr\u00e1v\u011b obor fotografie.<\/p>\n\n\n\n<p>T\u011b\u0161\u00edm se na V\u00e1s a na v\u0161echny vzpom\u00ednky, kter\u00e9 spole\u010dn\u011b vytvo\u0159\u00edme. <\/p>\n\n\n\n<p><\/p>\n<\/div><\/div>\n\n\n\n<p class=\"has-text-align-center\"><br><br><strong>Telefon: <\/strong>+420 770 687 898<strong>&nbsp;<\/strong><br>(pokud se mi nedovol\u00e1te, zanechte pros\u00edm sms, ozvu se zp\u011bt)<\/p>\n\n\n\n<p class=\"has-text-align-center\"><strong>&nbsp; &nbsp; &nbsp; Email: <\/strong>nikolafarnyfoto@gmail.com<\/p>\n\n\n\n<p class=\"has-text-align-center\"><strong>&nbsp; &nbsp; &nbsp;Facebook:&nbsp;<\/strong><a href=\"https:\/\/www.facebook.com\/nikolafarnyfotografka\" target=\"_blank\" rel=\"noreferrer noopener\">Nikola Farny fotografka<\/a><\/p>\n\n\n\n<p class=\"has-text-align-center\"><strong>&nbsp; &nbsp; &nbsp;Instagram:&nbsp;<\/strong><a href=\"https:\/\/www.instagram.com\/nikolafarny_fotografka\" target=\"_blank\" rel=\"noreferrer noopener\">nikolafarny_fotografka<\/a><\/p>\n\n\n\n<p class=\"has-text-align-center\"><strong>U Stadionu 270, Prachatice, 383 01&nbsp; &nbsp; &nbsp;<\/strong><br><strong>I\u010c:&nbsp;<\/strong>07940785<\/p>\n\n\n\n<p><\/p>\n","protected":false},"excerpt":{"rendered":"<p>Kdo jsem? Jmenuji se Nikola Farny, jsem rodinn\u00e1 a svatebn\u00ed fotografka z Prachatic. Taky jsem m\u00e1mou jednoho mal\u00e9ho ro\u0161\u0165\u00e1ka, od kter\u00e9ho se ka\u017ed\u00fd den u\u010d\u00edm v\u00edc a v\u00edc porozum\u011bt d\u011btsk\u00e9mu sv\u011btu. Sna\u017e\u00edm se, aby focen\u00ed s d\u011btmi bylo uvoln\u011bn\u00e9 a do ni\u010deho je nenut\u00edm. V\u017edy najdeme to, co je p\u0159\u00edjemn\u00e9 n\u00e1m v\u0161em. Moc si v\u00e1\u017e\u00edm&#8230;<\/p>\n","protected":false},"author":1,"featured_media":0,"parent":0,"menu_order":0,"comment_status":"closed","ping_status":"closed","template":"","meta":{"footnotes":""},"class_list":["post-22","page","type-page","status-publish","hentry"],"_links":{"self":[{"href":"https:\/\/www.fotonikolafarny.cz\/index.php\/wp-json\/wp\/v2\/pages\/22","targetHints":{"allow":["GET"]}}],"collection":[{"href":"https:\/\/www.fotonikolafarny.cz\/index.php\/wp-json\/wp\/v2\/pages"}],"about":[{"href":"https:\/\/www.fotonikolafarny.cz\/index.php\/wp-json\/wp\/v2\/types\/page"}],"author":[{"embeddable":true,"href":"https:\/\/www.fotonikolafarny.cz\/index.php\/wp-json\/wp\/v2\/users\/1"}],"replies":[{"embeddable":true,"href":"https:\/\/www.fotonikolafarny.cz\/index.php\/wp-json\/wp\/v2\/comments?post=22"}],"version-history":[{"count":65,"href":"https:\/\/www.fotonikolafarny.cz\/index.php\/wp-json\/wp\/v2\/pages\/22\/revisions"}],"predecessor-version":[{"id":3408,"href":"https:\/\/www.fotonikolafarny.cz\/index.php\/wp-json\/wp\/v2\/pages\/22\/revisions\/3408"}],"wp:attachment":[{"href":"https:\/\/www.fotonikolafarny.cz\/index.php\/wp-json\/wp\/v2\/media?parent=22"}],"curies":[{"name":"wp","href":"https:\/\/api.w.org\/{rel}","templated":true}]}}

<div class="wp-block-media-text is-stacked-on-mobile is-vertically-aligned-top" style="grid-template-columns:45% auto"><figure class="wp-block-media-text__media"><img loading="lazy" decoding="async" width="700" height="933" src="https://www.fotonikolafarny.cz/wp-content/uploads/2025/05/IMG_5413-700x933.jpg" alt="" class="wp-image-3404 size-full" srcset="https://www.fotonikolafarny.cz/wp-content/uploads/2025/05/IMG_5413-700x933.jpg 700w, https://www.fotonikolafarny.cz/wp-content/uploads/2025/05/IMG_5413-225x300.jpg 225w, https://www.fotonikolafarny.cz/wp-content/uploads/2025/05/IMG_5413-768x1024.jpg 768w, https://www.fotonikolafarny.cz/wp-content/uploads/2025/05/IMG_5413-1152x1536.jpg 1152w, https://www.fotonikolafarny.cz/wp-content/uploads/2025/05/IMG_5413-1536x2048.jpg 1536w, https://www.fotonikolafarny.cz/wp-content/uploads/2025/05/IMG_5413-800x1067.jpg 800w, https://www.fotonikolafarny.cz/wp-content/uploads/2025/05/IMG_5413-scaled.jpg 1920w" sizes="auto, (max-width: 700px) 100vw, 700px" /></figure><div class="wp-block-media-text__content">
<p><strong>Kdo jsem?</strong> </p>



<p>Jmenuji se Nikola Farny, jsem rodinná a svatební fotografka z Prachatic.</p>



<p>Taky jsem mámou jednoho malého rošťáka, od kterého se každý den učím víc a víc porozumět dětskému světu. Snažím se, aby focení s dětmi bylo uvolněné a do ničeho je nenutím. Vždy najdeme to, co je příjemné nám všem. <br><br>Moc si vážím své práce a proto věnuji velikou pozornost i těm nejmenším detailům.<br>Focení se věnuji od dětství a když přišla volba střední školy, vybrala jsem si právě obor fotografie.</p>



<p>Těším se na Vás a na všechny vzpomínky, které společně vytvoříme. </p>



<p></p>
</div></div>



<p class="has-text-align-center"><br><br><strong>Telefon: </strong>+420 770 687 898<strong>&nbsp;</strong><br>(pokud se mi nedovoláte, zanechte prosím sms, ozvu se zpět)</p>



<p class="has-text-align-center"><strong>&nbsp; &nbsp; &nbsp; Email: </strong>nikolafarnyfoto@gmail.com</p>



<p class="has-text-align-center"><strong>&nbsp; &nbsp; &nbsp;Facebook:&nbsp;</strong><a href="https://www.facebook.com/nikolafarnyfotografka" target="_blank" rel="noreferrer noopener">Nikola Farny fotografka</a></p>



<p class="has-text-align-center"><strong>&nbsp; &nbsp; &nbsp;Instagram:&nbsp;</strong><a href="https://www.instagram.com/nikolafarny_fotografka" target="_blank" rel="noreferrer noopener">nikolafarny_fotografka</a></p>



<p class="has-text-align-center"><strong>U Stadionu 270, Prachatice, 383 01&nbsp; &nbsp; &nbsp;</strong><br><strong>IČ:&nbsp;</strong>07940785</p>



<p></p>

<p>Kdo jsem? Jmenuji se Nikola Farny, jsem rodinná a svatební fotografka z Prachatic. Taky jsem mámou jednoho malého rošťáka, od kterého se každý den učím víc a víc porozumět dětskému světu. Snažím se, aby focení s dětmi bylo uvolněné a do ničeho je nenutím. Vždy najdeme to, co je příjemné nám všem. Moc si vážím&#8230;</p>
