{"id":2661,"date":"2025-01-16T10:02:44","date_gmt":"2025-01-16T10:02:44","guid":{"rendered":"https:\/\/www.fotonikolafarny.cz\/?page_id=2661"},"modified":"2026-01-26T07:32:15","modified_gmt":"2026-01-26T07:32:15","slug":"cenik-rodinne","status":"publish","type":"page","link":"https:\/\/www.fotonikolafarny.cz\/index.php\/cenik-rodinne\/","title":{"rendered":""},"content":{"rendered":"\n<div class=\"wp-block-group\"><div class=\"wp-block-group__inner-container is-layout-constrained wp-block-group-is-layout-constrained\">\n<figure class=\"wp-block-gallery has-nested-images columns-default is-cropped wp-block-gallery-1 is-layout-flex wp-block-gallery-is-layout-flex\">\n<figure class=\"wp-block-image size-large\"><img loading=\"lazy\" decoding=\"async\" width=\"700\" height=\"466\" src=\"https:\/\/www.fotonikolafarny.cz\/wp-content\/uploads\/2025\/01\/25-1-700x466.jpg\" alt=\"\" class=\"wp-image-2675\" srcset=\"https:\/\/www.fotonikolafarny.cz\/wp-content\/uploads\/2025\/01\/25-1-700x466.jpg 700w, https:\/\/www.fotonikolafarny.cz\/wp-content\/uploads\/2025\/01\/25-1-300x200.jpg 300w, https:\/\/www.fotonikolafarny.cz\/wp-content\/uploads\/2025\/01\/25-1-768x511.jpg 768w, https:\/\/www.fotonikolafarny.cz\/wp-content\/uploads\/2025\/01\/25-1-1536x1022.jpg 1536w, https:\/\/www.fotonikolafarny.cz\/wp-content\/uploads\/2025\/01\/25-1-2048x1363.jpg 2048w, https:\/\/www.fotonikolafarny.cz\/wp-content\/uploads\/2025\/01\/25-1-1140x758.jpg 1140w\" sizes=\"auto, (max-width: 700px) 100vw, 700px\" \/><\/figure>\n\n\n\n<figure class=\"wp-block-image size-large\"><img loading=\"lazy\" decoding=\"async\" width=\"700\" height=\"563\" src=\"https:\/\/www.fotonikolafarny.cz\/wp-content\/uploads\/2025\/01\/25-scaled-e1737062246392-700x563.jpg\" alt=\"\" class=\"wp-image-2605\" srcset=\"https:\/\/www.fotonikolafarny.cz\/wp-content\/uploads\/2025\/01\/25-scaled-e1737062246392-700x563.jpg 700w, https:\/\/www.fotonikolafarny.cz\/wp-content\/uploads\/2025\/01\/25-scaled-e1737062246392-300x241.jpg 300w, https:\/\/www.fotonikolafarny.cz\/wp-content\/uploads\/2025\/01\/25-scaled-e1737062246392-768x618.jpg 768w, https:\/\/www.fotonikolafarny.cz\/wp-content\/uploads\/2025\/01\/25-scaled-e1737062246392-1536x1236.jpg 1536w, https:\/\/www.fotonikolafarny.cz\/wp-content\/uploads\/2025\/01\/25-scaled-e1737062246392-1140x918.jpg 1140w, https:\/\/www.fotonikolafarny.cz\/wp-content\/uploads\/2025\/01\/25-scaled-e1737062246392.jpg 1702w\" sizes=\"auto, (max-width: 700px) 100vw, 700px\" \/><\/figure>\n<\/figure>\n<\/div><\/div>\n\n\n<h4 style=\"text-align: center;\"><strong>CEN\u00cdK RODINN\u00c9HO FOCEN\u00cd<\/strong><\/h4>\n<h4 style=\"text-align: left;\"><strong>bal\u00ed\u010dek KLASIK &#8211; 10ks fotografi\u00ed<\/strong><br \/><strong>2 500 K\u010d<\/strong><\/h4>\n<ul>\n<li>ateli\u00e9r nebo exteri\u00e9r<\/li>\n<li>30-60min focen\u00ed dle spolupr\u00e1ce d\u011bt\u00ed<\/li>\n<li>obdr\u017e\u00edte barevn\u00e9 i \u010dernob\u00edl\u00e9 fotografie<\/li>\n<li>vlastn\u00ed v\u00fdb\u011br z n\u00e1hled\u016f<\/li>\n<li>online galerie<\/li>\n<li>fotografie nad r\u00e1mec bal\u00ed\u010dku +280K\u010d\/ks<\/li>\n<\/ul>\n<h4 style=\"text-align: left;\"><strong><br \/>bal\u00ed\u010dek PREMIUM &#8211; 25ks fotografi\u00ed<\/strong><br \/><strong>4 500 K\u010d<\/strong><\/h4>\n<ul>\n<li>ateli\u00e9r nebo exteri\u00e9r<\/li>\n<li>45-60min focen\u00ed dle spolupr\u00e1ce d\u011bt\u00ed<\/li>\n<li>obdr\u017e\u00edte barevn\u00e9 i \u010dernob\u00edl\u00e9 fotografie<\/li>\n<li>vlastn\u00ed v\u00fdb\u011br z n\u00e1hled\u016f<\/li>\n<li>online galerie<\/li>\n<li>kol\u00e1\u017e z vybran\u00fdch fotografi\u00ed<\/li>\n<li>fotografie nad r\u00e1mec bal\u00ed\u010dku +280K\u010d\/ks<\/li>\n<\/ul>\n<h4 style=\"text-align: left;\"><strong>bal\u00ed\u010dek P\u0158\u00cdB\u011aH &#8211; min. 30ks fotografi\u00ed<\/strong><br \/><strong>6 000 K\u010d<\/strong><\/h4>\n<ul>\n<li>ateli\u00e9r nebo exteri\u00e9r<\/li>\n<li>60-90 min focen\u00ed dle spolupr\u00e1ce d\u011bt\u00ed<\/li>\n<li>obdr\u017e\u00edte barevn\u00e9 i \u010dernob\u00edl\u00e9 fotografie<\/li>\n<li>v\u00fdb\u011br z n\u00e1hled\u016f prov\u00e1d\u00edm j\u00e1<\/li>\n<li>online galerie<\/li>\n<li>tisk fotografi\u00ed 10x15cm<\/li>\n<li>kol\u00e1\u017e z vybran\u00fdch fotografi\u00ed<\/li>\n<li>obdr\u017e\u00edte v\u0161echny poveden\u00e9 z\u00e1b\u011bry z focen\u00ed<\/li>\n<\/ul>\n\n\n<div class=\"wp-block-columns is-layout-flex wp-container-core-columns-is-layout-1 wp-block-columns-is-layout-flex\">\n<div class=\"wp-block-column is-layout-flow wp-block-column-is-layout-flow\" style=\"flex-basis:100%\"><\/div>\n<\/div>\n\n\n\n<div class=\"wp-block-group\"><div class=\"wp-block-group__inner-container is-layout-constrained wp-block-group-is-layout-constrained\">\n<figure class=\"wp-block-gallery has-nested-images columns-default is-cropped wp-block-gallery-2 is-layout-flex wp-block-gallery-is-layout-flex\">\n<figure class=\"wp-block-image size-large\"><img loading=\"lazy\" decoding=\"async\" width=\"700\" height=\"466\" src=\"https:\/\/www.fotonikolafarny.cz\/wp-content\/uploads\/2026\/01\/DSC_9709-700x466.jpg\" alt=\"\" class=\"wp-image-3650\" srcset=\"https:\/\/www.fotonikolafarny.cz\/wp-content\/uploads\/2026\/01\/DSC_9709-700x466.jpg 700w, https:\/\/www.fotonikolafarny.cz\/wp-content\/uploads\/2026\/01\/DSC_9709-300x200.jpg 300w, https:\/\/www.fotonikolafarny.cz\/wp-content\/uploads\/2026\/01\/DSC_9709-768x511.jpg 768w, https:\/\/www.fotonikolafarny.cz\/wp-content\/uploads\/2026\/01\/DSC_9709-1536x1022.jpg 1536w, https:\/\/www.fotonikolafarny.cz\/wp-content\/uploads\/2026\/01\/DSC_9709-2048x1363.jpg 2048w, https:\/\/www.fotonikolafarny.cz\/wp-content\/uploads\/2026\/01\/DSC_9709-800x532.jpg 800w\" sizes=\"auto, (max-width: 700px) 100vw, 700px\" \/><\/figure>\n\n\n\n<figure class=\"wp-block-image size-large\"><img loading=\"lazy\" decoding=\"async\" width=\"700\" height=\"466\" src=\"http:\/\/www.fotonikolafarny.cz\/wp-content\/uploads\/2025\/01\/44-700x466.jpg\" alt=\"\" class=\"wp-image-2739\" srcset=\"https:\/\/www.fotonikolafarny.cz\/wp-content\/uploads\/2025\/01\/44-700x466.jpg 700w, https:\/\/www.fotonikolafarny.cz\/wp-content\/uploads\/2025\/01\/44-300x200.jpg 300w, https:\/\/www.fotonikolafarny.cz\/wp-content\/uploads\/2025\/01\/44-768x511.jpg 768w, https:\/\/www.fotonikolafarny.cz\/wp-content\/uploads\/2025\/01\/44-1536x1022.jpg 1536w, https:\/\/www.fotonikolafarny.cz\/wp-content\/uploads\/2025\/01\/44-2048x1362.jpg 2048w, https:\/\/www.fotonikolafarny.cz\/wp-content\/uploads\/2025\/01\/44-1140x758.jpg 1140w\" sizes=\"auto, (max-width: 700px) 100vw, 700px\" \/><\/figure>\n<\/figure>\n<\/div><\/div>\n\n\n<p style=\"text-align: center;\"><strong>CEN\u00cdK NOVOROZENECK\u00c9HO FOCEN\u00cd<\/strong><\/p>\n<h4 style=\"text-align: left;\"><strong>LIFESTYLE NEWBORN &#8211; 12ks fotografi\u00ed<\/strong><br \/><strong>3 000 K\u010d<\/strong><\/h4>\n<ul>\n<li>obdr\u017e\u00edte barevn\u00e9 i \u010dernob\u00edl\u00e9 fotografie<\/li>\n<li>60-90 min focen\u00ed\u00a0<\/li>\n<li>detaily miminka v kol\u00e1\u017ei<\/li>\n<li>vlastn\u00ed v\u00fdb\u011br z n\u00e1hled\u016f<\/li>\n<li>online galerie<\/li>\n<li>kol\u00e1\u017e z vybran\u00fdch fotografi\u00ed<\/li>\n<li>fotografie nad r\u00e1mec bal\u00ed\u010dku +280K\u010d\/ks<\/li>\n<\/ul>\n<h4 style=\"text-align: left;\"><strong>FRESH48 (FOCEN\u00cd V PORODNICI) &#8211; min. 25ks fotografi\u00ed<\/strong><br \/><strong>4 000 K\u010d<\/strong><\/h4>\n<ul>\n<li>focen\u00ed do 48hod od narozen\u00ed miminka<\/li>\n<li>45-60 min focen\u00ed<\/li>\n<li>obdr\u017e\u00edte barevn\u00e9 i \u010dernob\u00edl\u00e9 fotografie<\/li>\n<li>v\u00fdb\u011br z n\u00e1hled\u016f prov\u00e1d\u00edm j\u00e1<\/li>\n<li>online galerie<\/li>\n<li>kol\u00e1\u017e z vybran\u00fdch fotografi\u00ed<\/li>\n<li>obdr\u017e\u00edte v\u0161echny poveden\u00e9 z\u00e1b\u011bry z focen\u00ed<\/li>\n<\/ul>\n\n\n<p class=\"has-text-align-center wp-container-content-1\"><\/p>\n\n\n\n<div class=\"wp-block-columns is-layout-flex wp-container-core-columns-is-layout-3 wp-block-columns-is-layout-flex\">\n<div class=\"wp-block-column is-layout-flow wp-block-column-is-layout-flow\" style=\"flex-basis:100%\">\n<div class=\"wp-block-group is-nowrap is-layout-flex wp-container-core-group-is-layout-4 wp-block-group-is-layout-flex\">\n<div class=\"wp-block-group is-content-justification-center is-nowrap is-layout-flex wp-container-core-group-is-layout-3 wp-block-group-is-layout-flex\">\n<div class=\"wp-block-columns is-layout-flex wp-container-core-columns-is-layout-2 wp-block-columns-is-layout-flex\">\n<div class=\"wp-block-column is-layout-flow wp-block-column-is-layout-flow\" style=\"flex-basis:100%\"><\/div>\n<\/div>\n<\/div>\n<\/div>\n<\/div>\n<\/div>\n","protected":false},"excerpt":{"rendered":"<p>CEN\u00cdK RODINN\u00c9HO FOCEN\u00cd bal\u00ed\u010dek KLASIK &#8211; 10ks fotografi\u00ed2 500 K\u010d ateli\u00e9r nebo exteri\u00e9r 30-60min focen\u00ed dle spolupr\u00e1ce d\u011bt\u00ed obdr\u017e\u00edte barevn\u00e9 i \u010dernob\u00edl\u00e9 fotografie vlastn\u00ed v\u00fdb\u011br z n\u00e1hled\u016f online galerie fotografie nad r\u00e1mec bal\u00ed\u010dku +280K\u010d\/ks bal\u00ed\u010dek PREMIUM &#8211; 25ks fotografi\u00ed4 500 K\u010d ateli\u00e9r nebo exteri\u00e9r 45-60min focen\u00ed dle spolupr\u00e1ce d\u011bt\u00ed obdr\u017e\u00edte barevn\u00e9 i \u010dernob\u00edl\u00e9 fotografie vlastn\u00ed&#8230;<\/p>\n","protected":false},"author":1,"featured_media":0,"parent":0,"menu_order":0,"comment_status":"closed","ping_status":"closed","template":"","meta":{"footnotes":""},"class_list":["post-2661","page","type-page","status-publish","hentry"],"_links":{"self":[{"href":"https:\/\/www.fotonikolafarny.cz\/index.php\/wp-json\/wp\/v2\/pages\/2661","targetHints":{"allow":["GET"]}}],"collection":[{"href":"https:\/\/www.fotonikolafarny.cz\/index.php\/wp-json\/wp\/v2\/pages"}],"about":[{"href":"https:\/\/www.fotonikolafarny.cz\/index.php\/wp-json\/wp\/v2\/types\/page"}],"author":[{"embeddable":true,"href":"https:\/\/www.fotonikolafarny.cz\/index.php\/wp-json\/wp\/v2\/users\/1"}],"replies":[{"embeddable":true,"href":"https:\/\/www.fotonikolafarny.cz\/index.php\/wp-json\/wp\/v2\/comments?post=2661"}],"version-history":[{"count":87,"href":"https:\/\/www.fotonikolafarny.cz\/index.php\/wp-json\/wp\/v2\/pages\/2661\/revisions"}],"predecessor-version":[{"id":3655,"href":"https:\/\/www.fotonikolafarny.cz\/index.php\/wp-json\/wp\/v2\/pages\/2661\/revisions\/3655"}],"wp:attachment":[{"href":"https:\/\/www.fotonikolafarny.cz\/index.php\/wp-json\/wp\/v2\/media?parent=2661"}],"curies":[{"name":"wp","href":"https:\/\/api.w.org\/{rel}","templated":true}]}}

<div class="wp-block-group"><div class="wp-block-group__inner-container is-layout-constrained wp-block-group-is-layout-constrained">
<figure class="wp-block-gallery has-nested-images columns-default is-cropped wp-block-gallery-1 is-layout-flex wp-block-gallery-is-layout-flex">
<figure class="wp-block-image size-large"><img loading="lazy" decoding="async" width="700" height="466" src="https://www.fotonikolafarny.cz/wp-content/uploads/2025/01/25-1-700x466.jpg" alt="" class="wp-image-2675" srcset="https://www.fotonikolafarny.cz/wp-content/uploads/2025/01/25-1-700x466.jpg 700w, https://www.fotonikolafarny.cz/wp-content/uploads/2025/01/25-1-300x200.jpg 300w, https://www.fotonikolafarny.cz/wp-content/uploads/2025/01/25-1-768x511.jpg 768w, https://www.fotonikolafarny.cz/wp-content/uploads/2025/01/25-1-1536x1022.jpg 1536w, https://www.fotonikolafarny.cz/wp-content/uploads/2025/01/25-1-2048x1363.jpg 2048w, https://www.fotonikolafarny.cz/wp-content/uploads/2025/01/25-1-1140x758.jpg 1140w" sizes="auto, (max-width: 700px) 100vw, 700px" /></figure>



<figure class="wp-block-image size-large"><img loading="lazy" decoding="async" width="700" height="563" src="https://www.fotonikolafarny.cz/wp-content/uploads/2025/01/25-scaled-e1737062246392-700x563.jpg" alt="" class="wp-image-2605" srcset="https://www.fotonikolafarny.cz/wp-content/uploads/2025/01/25-scaled-e1737062246392-700x563.jpg 700w, https://www.fotonikolafarny.cz/wp-content/uploads/2025/01/25-scaled-e1737062246392-300x241.jpg 300w, https://www.fotonikolafarny.cz/wp-content/uploads/2025/01/25-scaled-e1737062246392-768x618.jpg 768w, https://www.fotonikolafarny.cz/wp-content/uploads/2025/01/25-scaled-e1737062246392-1536x1236.jpg 1536w, https://www.fotonikolafarny.cz/wp-content/uploads/2025/01/25-scaled-e1737062246392-1140x918.jpg 1140w, https://www.fotonikolafarny.cz/wp-content/uploads/2025/01/25-scaled-e1737062246392.jpg 1702w" sizes="auto, (max-width: 700px) 100vw, 700px" /></figure>
</figure>
</div></div>


<h4 style="text-align: center;"><strong>CENÍK RODINNÉHO FOCENÍ</strong></h4>
<h4 style="text-align: left;"><strong>balíček KLASIK &#8211; 10ks fotografií</strong><br /><strong>2 500 Kč</strong></h4>
<ul>
<li>ateliér nebo exteriér</li>
<li>30-60min focení dle spolupráce dětí</li>
<li>obdržíte barevné i černobílé fotografie</li>
<li>vlastní výběr z náhledů</li>
<li>online galerie</li>
<li>fotografie nad rámec balíčku +280Kč/ks</li>
</ul>
<h4 style="text-align: left;"><strong><br />balíček PREMIUM &#8211; 25ks fotografií</strong><br /><strong>4 500 Kč</strong></h4>
<ul>
<li>ateliér nebo exteriér</li>
<li>45-60min focení dle spolupráce dětí</li>
<li>obdržíte barevné i černobílé fotografie</li>
<li>vlastní výběr z náhledů</li>
<li>online galerie</li>
<li>koláž z vybraných fotografií</li>
<li>fotografie nad rámec balíčku +280Kč/ks</li>
</ul>
<h4 style="text-align: left;"><strong>balíček PŘÍBĚH &#8211; min. 30ks fotografií</strong><br /><strong>6 000 Kč</strong></h4>
<ul>
<li>ateliér nebo exteriér</li>
<li>60-90 min focení dle spolupráce dětí</li>
<li>obdržíte barevné i černobílé fotografie</li>
<li>výběr z náhledů provádím já</li>
<li>online galerie</li>
<li>tisk fotografií 10x15cm</li>
<li>koláž z vybraných fotografií</li>
<li>obdržíte všechny povedené záběry z focení</li>
</ul>


<div class="wp-block-columns is-layout-flex wp-container-core-columns-is-layout-1 wp-block-columns-is-layout-flex">
<div class="wp-block-column is-layout-flow wp-block-column-is-layout-flow" style="flex-basis:100%"></div>
</div>



<div class="wp-block-group"><div class="wp-block-group__inner-container is-layout-constrained wp-block-group-is-layout-constrained">
<figure class="wp-block-gallery has-nested-images columns-default is-cropped wp-block-gallery-2 is-layout-flex wp-block-gallery-is-layout-flex">
<figure class="wp-block-image size-large"><img loading="lazy" decoding="async" width="700" height="466" src="https://www.fotonikolafarny.cz/wp-content/uploads/2026/01/DSC_9709-700x466.jpg" alt="" class="wp-image-3650" srcset="https://www.fotonikolafarny.cz/wp-content/uploads/2026/01/DSC_9709-700x466.jpg 700w, https://www.fotonikolafarny.cz/wp-content/uploads/2026/01/DSC_9709-300x200.jpg 300w, https://www.fotonikolafarny.cz/wp-content/uploads/2026/01/DSC_9709-768x511.jpg 768w, https://www.fotonikolafarny.cz/wp-content/uploads/2026/01/DSC_9709-1536x1022.jpg 1536w, https://www.fotonikolafarny.cz/wp-content/uploads/2026/01/DSC_9709-2048x1363.jpg 2048w, https://www.fotonikolafarny.cz/wp-content/uploads/2026/01/DSC_9709-800x532.jpg 800w" sizes="auto, (max-width: 700px) 100vw, 700px" /></figure>



<figure class="wp-block-image size-large"><img loading="lazy" decoding="async" width="700" height="466" src="http://www.fotonikolafarny.cz/wp-content/uploads/2025/01/44-700x466.jpg" alt="" class="wp-image-2739" srcset="https://www.fotonikolafarny.cz/wp-content/uploads/2025/01/44-700x466.jpg 700w, https://www.fotonikolafarny.cz/wp-content/uploads/2025/01/44-300x200.jpg 300w, https://www.fotonikolafarny.cz/wp-content/uploads/2025/01/44-768x511.jpg 768w, https://www.fotonikolafarny.cz/wp-content/uploads/2025/01/44-1536x1022.jpg 1536w, https://www.fotonikolafarny.cz/wp-content/uploads/2025/01/44-2048x1362.jpg 2048w, https://www.fotonikolafarny.cz/wp-content/uploads/2025/01/44-1140x758.jpg 1140w" sizes="auto, (max-width: 700px) 100vw, 700px" /></figure>
</figure>
</div></div>


<p style="text-align: center;"><strong>CENÍK NOVOROZENECKÉHO FOCENÍ</strong></p>
<h4 style="text-align: left;"><strong>LIFESTYLE NEWBORN &#8211; 12ks fotografií</strong><br /><strong>3 000 Kč</strong></h4>
<ul>
<li>obdržíte barevné i černobílé fotografie</li>
<li>60-90 min focení </li>
<li>detaily miminka v koláži</li>
<li>vlastní výběr z náhledů</li>
<li>online galerie</li>
<li>koláž z vybraných fotografií</li>
<li>fotografie nad rámec balíčku +280Kč/ks</li>
</ul>
<h4 style="text-align: left;"><strong>FRESH48 (FOCENÍ V PORODNICI) &#8211; min. 25ks fotografií</strong><br /><strong>4 000 Kč</strong></h4>
<ul>
<li>focení do 48hod od narození miminka</li>
<li>45-60 min focení</li>
<li>obdržíte barevné i černobílé fotografie</li>
<li>výběr z náhledů provádím já</li>
<li>online galerie</li>
<li>koláž z vybraných fotografií</li>
<li>obdržíte všechny povedené záběry z focení</li>
</ul>


<p class="has-text-align-center wp-container-content-1"></p>



<div class="wp-block-columns is-layout-flex wp-container-core-columns-is-layout-3 wp-block-columns-is-layout-flex">
<div class="wp-block-column is-layout-flow wp-block-column-is-layout-flow" style="flex-basis:100%">
<div class="wp-block-group is-nowrap is-layout-flex wp-container-core-group-is-layout-4 wp-block-group-is-layout-flex">
<div class="wp-block-group is-content-justification-center is-nowrap is-layout-flex wp-container-core-group-is-layout-3 wp-block-group-is-layout-flex">
<div class="wp-block-columns is-layout-flex wp-container-core-columns-is-layout-2 wp-block-columns-is-layout-flex">
<div class="wp-block-column is-layout-flow wp-block-column-is-layout-flow" style="flex-basis:100%"></div>
</div>
</div>
</div>
</div>
</div>

<p>CENÍK RODINNÉHO FOCENÍ balíček KLASIK &#8211; 10ks fotografií2 500 Kč ateliér nebo exteriér 30-60min focení dle spolupráce dětí obdržíte barevné i černobílé fotografie vlastní výběr z náhledů online galerie fotografie nad rámec balíčku +280Kč/ks balíček PREMIUM &#8211; 25ks fotografií4 500 Kč ateliér nebo exteriér 45-60min focení dle spolupráce dětí obdržíte barevné i černobílé fotografie vlastní&#8230;</p>
